(k) + 8*r(k). Suppose -33*m = 4*m + 148. Calculate x(m).
-9
Let s(z) = -4 + 6*z**2 + 3 + 2. Let d(t) = 3*t - 13. Let q = -25 - -29. Let b be d(q). Give s(b).
7
Let i(w) = -2*w + 6. Let u(k) = 2*k**2 + 2*k + 1. Let t be u(-1). Suppose -y + t = -7. Let q = y + -4. Determine i(q).
-2
Let g(u) be the first derivative of 2*u - 1/3*u**3 + 2*u**2 - 9. Calculate g(4).
2
Let i be ((-6)/18)/(-5 - (-14)/3). Let j(h) = -h**3 - h**2 - h + 2. Calculate j(i).
-1
Let g(l) = 44 - 14*l - 167 + 37 + 45 + 39. Give g(-4).
54
Suppose -u + 2 = -0. Let j(k) = k - 15 + k**u + 2*k + 2*k + 21. Determine j(-4).
2
Let t(a) be the first derivative of a**4/4 + 5*a**3/3 + 5*a - 10. Let v(o) = -o**2 - 5. Let i be v(0). Calculate t(i).
5
Let k(m) = -110 + m + 42 + 68. Calculate k(1).
1
Let f = -8 - -7. Suppose -2*l + 7 = -1. Let r(c) = c**2 - 1. Let u(h) = h**3 + h**2 - 4*h - 1. Let o(q) = f*u(q) + l*r(q). Calculate o(4).
-3
Let p(a) = 2*a - 1. Suppose 0 = -4*h + y - 4, h + 0*y = 2*y - 8. Suppose -4*n + 2*t + h = 2, -2*t - 6 = 4*n. Calculate p(n).
-3
Let l = 23 + -20. Suppose 4*h - 10 = p - 4*p, -h + 7 = l*p. Let i(y) = 3*y + 3 + h - 4*y. Calculate i(4).
0
Suppose 5*g = -m + 5*m + 9, -2*g + 3 = -m. Let n(v) = -3 + 17 - 20*v + g. Let d(z) = 7*z - 5. Let o(x) = -17*d(x) - 6*n(x). Determine o(6).
1
Suppose 0 = 270*b - 265*b + 35. Let w(s) = s**3 + 6*s**2 - 8*s - 10. Determine w(b).
-3
Let x(k) = -k**3 + 7*k**2 - 5*k - 2. Let h(w) = -w**3 + 6*w**2 - 7*w - 2. Let c be h(4). Suppose u - c = -2*n - 2*n, -n = 2*u - 11. What is x(u)?
4
Let n(l) = 370*l**2 + 2*l - 122*l**2 - 123*l**2 - 6*l - 124*l**2 + 7. Determine n(7).
28
Let j(o) = o**2 + 8. Let z be (6 - (8 + -2))/1. Calculate j(z).
8
Let k = 43 - -88. Suppose -k*p + 127*p - 36 = 0. Let f(z) = z + 22. Calculate f(p).
13
Let g be ((-6)/(-4))/(6/12). Suppose 14 = 3*i + g*m + m, -i + 10 = 4*m. Let s(t) = i - 6*t**2 - t**3 + 0*t**3 - 6*t - t**2. Give s(-6).
2
Let i(f) = -3*f**2 + f - 1. Suppose 0 = 4*x + 4*a + 24, -2*x - 4*a - 11 = 9. Let h be 0 + 3 + (-4 - x). Determine i(h).
-3
Let o(v) = -v - 4. Let h(a) = 14*a + 39. Let w(q) = 2*h(q) + 18*o(q). Give w(-5).
-44
Suppose -9 = -2*y - 3. Let z(u) = 4*u + 2. Let p(v) = -v**2 - 8*v - 5. Let s(n) = -2*p(n) - 5*z(n). Calculate s(y).
6
Let o(h) = -2979 + 9*h + 2979 + 2*h**2. Determine o(-7).
35
Suppose -4*w + 5 = f, w - 4 - 4 = 2*f. Let z(k) = 0*k**2 - k + 9*k**2 - 6*k**2 + 5*k**w. What is z(1)?
7
Let q(s) be the first derivative of -s**4/4 + 7*s**3/3 - 3*s**2 + 8*s + 54. Determine q(6).
8
Suppose 2*o - a + 3 = 3*o, -4 = -4*a. Suppose -u + 4*g + o - 3 = 0, -u - 1 = g. Let s(i) = 0 - 1 - 7*i**3 - 2*i**2 + 0 - 2*i. Determine s(u).
6
Suppose 0 = -4*f + h - 17, f - 20*h + 21*h + 3 = 0. Let b(k) = 3*k**3 + 1 + 4*k**2 + 2*k**3 + 0 - 4*k**3 - 3*k. Give b(f).
13
Let u be ((-15)/25)/(2/(-70)). Let l = 39 - u. Let a = l + -16. Let w(s) = -s**2 + s. Calculate w(a).
-2
Let v(y) = -7*y**3 - 5*y**2 + 2*y - 1. Let u(c) = 30*c**3 + 21*c**2 - 9*c + 5. Let f(w) = -2*u(w) - 9*v(w). What is f(-2)?
-13
Let x = -43 + 47. Let w(u) = 8 + 11*u - x - 2. Give w(-2).
-20
Suppose 4*m + 0 = -20, -22 = -3*h + 5*m. Suppose -4*j - 2 = 2, 0 = 2*r - 5*j - 9. Let w(g) = -79 - r*g + 6*g + 78. Calculate w(h).
-5
Let j(y) = 3 - y**3 - 2*y**3 + 4*y - 1272*y**2 + 1274*y**2 + 8*y**3. Give j(-2).
-37
Let u(w) = 14*w + 334. Let b be u(-24). Let t(i) = 3*i**2 - 3*i - 2. What is t(b)?
16
Let h(b) = -8*b - 42. Let k be h(-6). Let a(w) = -6*w + 10. Calculate a(k).
-26
Let g be ((-9)/(-15))/((2/20)/1). Let b(a) = 7*a - 43. Determine b(g).
-1
Suppose 0*b + b + 3 = 0. Suppose -4*h - 2*d + 8 = 0, -3*h = h + d - 10. Let j(z) = 7*z - 31*z + 12*z + 16*z + h. Give j(b).
-9
Let h(l) = -3*l**2 + 21*l + 15. Let n(a) = 9*a + 0*a + 2*a - a + 7 - a**2. Let j(f) = 2*h(f) - 5*n(f). What is j(-6)?
7
Let h(v) be the third derivative of v**6/40 - v**5/30 + v**3/6 + v**2. Let l be ((-12)/30)/(4/(-30)). Let r = l - 4. Calculate h(r).
-4
Let u(l) = 4*l - 78835*l**2 + 78834*l**2 - 2*l. Determine u(3).
-3
Let n = 61 - 59. Let v(g) be the first derivative of 1/3*g**3 - 5 - 3*g + 3/2*g**n. Determine v(-4).
1
Suppose 5*m = 3*m. Let q = m - -4. Let l(y) = y + 2 + 30412*y**2 - 30415*y**2 + y**3 - 3*y. Calculate l(q).
10
Let s(j) = -11*j**2 + 30*j + 13. Let c(n) = -5*n**2 + 14*n + 6. Let m(g) = 13*c(g) - 6*s(g). Let d = 24 + -21. What is m(d)?
15
Let v(i) = 2*i - 9. Let z be 8 + (-8)/16*20. Let w = 3 + -8. Let n(j) = -j + 5. Let k(b) = w*n(b) + z*v(b). Calculate k(0).
-7
Let t(y) = -9*y**2 - 2*y + 1. Let n be (1 + 1)*(-47)/(-94). Determine t(n).
-10
Let k = 22 + -17. Let c(b) = 0 - 3*b**2 - 4 - k*b + 9*b + 2. What is c(2)?
-6
Let l(a) = -47*a - 2. Let c(o) = 49*o + 1. Let h(r) = -3*c(r) - 4*l(r). Let w(f) = 21*f + 3. Let z(v) = 3*h(v) - 5*w(v). What is z(-1)?
-18
Let b(d) = -5*d**2 + 3*d - 2. Suppose x + 5 = -5*w, 5*x + 2*w - 16 = 5. Let t(o) = 9*o**2 - 6*o + 4. Let l(z) = x*b(z) + 3*t(z). Give l(2).
4
Let k(u) = -u**3 + 4*u**2 + 6*u + 1. Let d = 200 + -112. Let q be (d/55)/(4/30). Suppose -q*r + 10 = -10*r. What is k(r)?
6
Let w = 4 - 19. Let f = -5 - w. Suppose -4*h + 2 - f = 0. Let x(o) = o**2 + o + 2. Determine x(h).
4
Let v(x) = -2*x**2 - 10 - 23*x + 3*x**2 + 19 - 2. Give v(23).
7
Suppose 1 = 3*d + 2*j, -2 = -2*d - 3*j + 7. Let r = -5 - d. Let c(s) = -29*s - 14. Let h(g) = 33*g + 16. Let y(u) = 7*c(u) + 6*h(u). Calculate y(r).
8
Let z = 1930 + -1932. Let u(j) = -13*j - 25. Determine u(z).
1
Let g(u) be the first derivative of 0*u**2 - u + 4/3*u**3 - 3. Let j(l) be the first derivative of g(l). Calculate j(-1).
-8
Let h be (-1)/3 - (-4)/3 - 7. Let k be 7 + 120/(-18) - (-32)/h. Let c(j) be the second derivative of -j**5/20 - j**4/2 - j**3/2 + j**2 - j. Give c(k).
-8
Suppose 3*b - 8 = -2. Let h(v) = -3*v**b - v + v - 3*v + v**3 + 2. Give h(3).
-7
Let t(h) = 675*h - 10*h**2 + h**3 - 336*h - 340*h + 11. What is t(10)?
1
Let p be (-7)/28 + 1 + 153/4. Let k = 41 - p. Let o(m) = -1. Let a(y) = -2*y + 4. Let f(q) = a(q) + 5*o(q). Calculate f(k).
-5
Let r(x) = 5*x - 22. Let h(m) = 2*m + 2. Let y(c) = -4*h(c) + r(c). Determine y(-11).
3
Let y(t) = 2*t + 9. Let f(c) = -c**2 - 18*c - 56. Let k be f(-13). Determine y(k).
27
Let c be (3/2)/(3 + (-180)/56). Let o(g) = g**3 + 6*g**2 - 6*g - 1. Determine o(c).
-8
Let g(u) = -u - 3. Let c(z) = z**2 + z + 6. Let l be c(0). Let y = 11 - l. Suppose -3*t = x - 6*x - 10, 5*x = 4*t - y. What is g(t)?
2
Let b(s) = 2*s**2 - s. Suppose 0 = -80*f + 84 - 244. Determine b(f).
10
Let d(x) be the third derivative of -x**4/24 + 2*x**3 - 7*x**2 - 29. Determine d(10).
2
Let v(s) be the first derivative of -s**2/2 - 109. Let d(p) = -p**2 + 5*p - 2. Let c be d(2). Suppose -5*r + 5*u = 0, 5*r + 3*u = c*r + 20. Determine v(r).
-5
Let b = -6 - -10. Suppose -c = -5*g + 2*c + 149, 3*g - 72 = -b*c. Let d(y) = -8*y + g*y - 14*y + 5 - 7*y. What is d(0)?
5
Let u(m) be the second derivative of -m**5/20 + 5*m**4/12 + 4*m**3/3 - 2*m**2 - 95*m. Calculate u(5).
36
Let g(t) = 5*t**2 - 2*t + 3. Let o = -35 + 31. Let j(c) = -4*c**2 + c - 3. Let u(s) = o*j(s) - 3*g(s). Give u(-3).
6
Suppose x - 3*x + 4*n + 20 = 0, 15 = -5*n. Let y(r) = 2*r - 4. Calculate y(x).
4
Let h(v) be the first derivative of v**2/2 + 6*v - 39. Give h(6).
12
Let y(r) = -2*r - 4. Let w be ((4 - 2) + 98/(-21))*24. Let a = 61 + w. Determine y(a).
2
Let i = 292 + -291. Let n(m) = -3*m**2 - 4*m + 3. Calculate n(i).
-4
Suppose 10 + 8 = 6*w. Let p(n) = 0*n**2 - 6 + w*n + 0 + 4 + 6*n**2 + n**3. Suppose 7 = -s + y - 0, -s + 3*y - 11 = 0. Give p(s).
8
Let d(g) = -g**3 - 4*g**2 + 6*g - 13. Let f(j) = j**3 - j**2 + 5. Let z(k) = d(k) + 2*f(k). What is z(4)?
-11
Let t(p) = -p. Suppose 6*o = -3*o + 4*o. Suppose -m - 1 = -2*m + 4*n, 2*m + 5*n - 15 = o. Give t(m).
-5
Let v(u) = -10*u**2 - 2*u + 2. Let y(z) = 3*z**3 - 50*z**2 + 30*z + 33. Let o be y(16). Give v(o).
-10
Let v(s) = 1 + 3*s + 1 - 5. Suppose -3*g = 3 + 3. Let p be 3*g/(-18)*6. Calculate v(p).
3
Suppose -24*u + 25*u = -4. Let v(x) be the second derivative of -x**6/240 - x**5/60 - x**4/4 - 3*x. Let s(i) be the third derivative of v(i). Give s(u).
10
Let y(n) = -n**2 + 12*n - 13. Let k(v) = -4*v**2 + 60*v + 10. Let w be k(15). Calculate y(w).
7
Suppose -3*g + 10 = 4. Let j(x) = -3*x**2 + 2*x**2 - 861*x + 861*x + g. Calculate j(3).
-7
Suppose -4*s = 